 factor of 674481 and 456?
57
What is the greatest common divisor of 258186 and 222?
222
Calculate the greatest common factor of 7920 and 317592.
792
What is the greatest common divisor of 9168 and 1272?
24
What is the greatest common factor of 580 and 820?
20
What is the highest common factor of 46124 and 156?
52
What is the greatest common factor of 54006 and 21?
3
Calculate the highest common factor of 372 and 1178.
62
Calculate the greatest common factor of 60 and 73845.
15
Calculate the highest common divisor of 569156 and 56.
28
Calculate the greatest common divisor of 320 and 695.
5
What is the highest common factor of 993 and 9?
3
Calculate the greatest common divisor of 598988 and 52.
52
What is the greatest common divisor of 10530 and 45?
45
Calculate the highest common divisor of 186500 and 8.
4
Calculate the highest common divisor of 191328 and 288.
96
What is the greatest common factor of 1128 and 12000040?
376
Calculate the highest common factor of 552824 and 152.
152
What is the highest common factor of 279396 and 63282?
1194
Calculate the highest common divisor of 27193 and 213.
71
Calculate the greatest common factor of 751589 and 857.
857
What is the highest common divisor of 70520 and 1312?
328
Calculate the greatest common divisor of 146 and 279298.
146
Calculate the highest common divisor of 1156 and 1054.
34
Calculate the greatest common divisor of 4092 and 40238.
682
What is the greatest common factor of 3140 and 220?
20
What is the greatest common factor of 2987 and 812?
29
What is the greatest common divisor of 90602 and 19402?
178
What is the highest common factor of 212151 and 3?
3
Calculate the greatest common divisor of 320380 and 25.
5
Calculate the greatest common divisor of 132394 and 1378.
106
What is the highest common divisor of 905 and 615?
5
Calculate the highest common divisor of 880 and 7312.
16
Calculate the greatest common divisor of 1060 and 6990.
10
Calculate the highest common factor of 1236 and 757668.
1236
Calculate the highest common factor of 155248 and 8432.
496
What is the greatest common factor of 248947 and 173?
173
What is the greatest common factor of 946 and 3498?
22
Calculate the greatest common factor of 50 and 1444275.
25
What is the greatest common divisor of 120 and 5720?
40
What is the greatest common factor of 3355 and 3795?
55
What is the highest common divisor of 96 and 206268?
12
What is the greatest common divisor of 160053 and 217?
31
What is the greatest common factor of 45 and 7240?
5
Calculate the greatest common factor of 288 and 3609.
9
What is the highest common factor of 35866 and 474?
158
Calculate the greatest common factor of 28034 and 5350.
214
Calculate the highest common divisor of 99862 and 6.
2
Calculate the greatest common factor of 3852 and 54.
18
What is the highest common factor of 84 and 854328?
12
What is the greatest common factor of 55 and 405?
5
What is the greatest common divisor of 5592 and 872?
8
What is the greatest common divisor of 1953 and 49383?
279
What is the highest common factor of 193590 and 540?
270
Calculate the highest common divisor of 46 and 13018.
46
Calculate the greatest common divisor of 200288 and 352.
352
What is the greatest common divisor of 72 and 289056?
24
Calculate the highest common factor of 21696 and 3936.
96
What is the highest common factor of 1606 and 2699686?
1606
What is the highest common factor of 30340 and 492?
164
Calculate the highest common divisor of 672 and 273.
21
Calculate the greatest common divisor of 440 and 815320.
440
What is the highest common factor of 4957332 and 24?
12
Calculate the greatest common factor of 268 and 69077.
67
What is the highest common factor of 5082 and 2016?
42
What is the greatest common divisor of 3488 and 416?
32
Calculate the highest common divisor of 2140511 and 53.
53
What is the highest common factor of 85975 and 1275?
25
What is the greatest common factor of 19825 and 4225?
325
What is the greatest common factor of 510 and 170?
170
Calculate the highest common factor of 2485 and 119.
7
Calculate the greatest common divisor of 4079976 and 1128.
1128
Calculate the greatest common factor of 728 and 3367.
91
What is the greatest common divisor of 585 and 13410?
45
What is the highest common factor of 36640 and 3?
1
What is the highest common divisor of 204 and 2838?
6
What is the highest common factor of 42 and 297699?
3
What is the highest common factor of 24 and 43664?
8
What is the highest common factor of 66 and 58278?
66
Calculate the greatest common divisor of 9 and 16906.
1
Calculate the highest common factor of 12 and 5262.
6
What is the highest common factor of 263959 and 17?
17
What is the highest common factor of 1162 and 16434?
166
What is the highest common factor of 65 and 179504?
13
Calculate the greatest common divisor of 7816 and 304.
8
What is the greatest common divisor of 31609 and 433?
433
What is the greatest common factor of 14148 and 31536?
108
What is the highest common factor of 39950 and 225?
25
What is the highest common divisor of 506 and 220?
22
What is the greatest common divisor of 200424 and 504?
168
What is the greatest common divisor of 7 and 5117?
7
Calculate the highest common factor of 363544 and 116.
116
What is the highest common divisor of 5792 and 2000?
16
What is the greatest common divisor of 48 and 349632?
48
Calculate the greatest common divisor of 199920 and 612.
204
What is the highest common divisor of 44931 and 459?
51
What is the highest common divisor of 90 and 586350?
90
Calculate the greatest common divisor of 148 and 103748.
148
What is the greatest common divisor of 50440 and 100?
20
Calculate the highest common divisor of 1131 and 6279.
39
Calculate the greatest common factor of 1958 and 19046.
178
What is the highest common divisor of 10206 and 1498?
14
What is the highest common factor of 1664 and 3380?
52
What is the greatest common divisor of 324 and 3456?
108
Calculate the greatest common divisor of 432 and 19332.
108
Calculate the highest common factor of 17836 and 2156.
196
Calculate the highest common factor of 235 and 158296.
47
Calculate the highest common factor of 3535 and 6685.
35
What is the highest common divisor of 56595 and 49?
49
Calculate the greatest common factor of 519654 and 4626.
1542
What is the greatest common factor of 1036 and 17982?
74
What is the greatest common divisor of 2541 and 655347?
231
What is the highest common factor of 9176 and 392792?
296
What is the greatest common divisor of 437 and 19817?
19
Calculate the highest common divisor of 70230 and 230.
10
Calculate the greatest common divisor of 232832 and 629.
17
What is the greatest common factor of 943597 and 247?
19
Calculate the greatest common factor of 68 and 120748.
4
Calculate the greatest common divisor of 1134225 and 225.
225
Calculate the highest common factor of 6 and 61158.
6
What is the highest common factor of 87682 and 175?
7
What is the highest common factor of 385 and 48972?
77
Calculate the highest common factor of 1698 and 1080.
6
Calculate the greatest common factor of 16 and 64.
16
What is the highest common divisor of 36 and 45954?
18
Calculate the highest common factor of 66742 and 153.
17
What is the greatest common factor of 5706 and 58896?
18
Calculate the greatest common factor of 1641767 and 2402.
1201
What is the highest common divisor of 122945 and 3015?
335
Calculate the highest common divisor of 1029238 and 14.
14
Calculate the highest common divisor of 297 and 42552.
27
Calculate the highest common divisor of 2187 and 18.
9
Calculate the highest common factor of 1310994 and 54.
18
Calculate the highest common factor of 132 and 712074.
66
What is the greatest common factor of 24 and 26472?
24
What is the greatest common factor of 2189 and 4169?
11
Calculate the highest common divisor of 14 and 12761.
7
What is the highest common factor of 469087 and 43?
43
What is the highest common divisor of 36 and 4548?
12
What is the highest common factor of 16252 and 8228?
68
Calculate the greatest common factor of 11880 and 200.
40
Calculate the highest common divisor of 7876912 and 43.
43
What is the highest common divisor of 104120 and 411?
137
What is the greatest common factor of 173830 and 10?
10
Wha